. Let q = -15 + b. Determine u(q).
3
Let h(z) = -5*z**3 + 21*z**2 - 3*z + 16. Let l(a) = 3*a**3 - 11*a**2 + a - 8. Let s(i) = -4*h(i) - 7*l(i). Calculate s(-8).
16
Let i(v) be the first derivative of -4*v**2 + 11. Calculate i(-2).
16
Let u(a) = -a**2 - 5*a - 5. Let d = 12 - 18. Give u(d).
-11
Suppose v = 4*j - 2, -4*v + 3*j - 7 = 1. Let c(u) = -2*u - 1. Give c(v).
3
Suppose m + 20 = -4*p, 0*p + 15 = -3*p - 4*m. Let n(t) = t**2 + 4*t - 3. Determine n(p).
2
Let x(u) = 5*u + u**2 - 3 - 4 + 3. Let z be x(-6). Let h(v) = -z + 0*v - 2*v + v. What is h(-4)?
2
Let a = 4 + -1. Let p(m) = 2*m**2 - m + 1. Let o be p(1). Let d(y) = -y - a*y - o*y. Give d(1).
-6
Let n(a) = 3*a**3 + 3*a**2 + a - 2. Let t(y) = 16*y**3 + 14*y**2 + 4*y - 11. Let k(l) = -11*n(l) + 2*t(l). Determine k(-4).
-4
Suppose 0 = -3*s + h + 8, 2*h + 0*h - 16 = -2*s. Let o(k) = k**2 - 5*k + 6. Give o(s).
2
Let b(a) = -a**3 - 5*a**2 - 2*a - 7. Let z be (0 - 1/1)*5. Calculate b(z).
3
Let j = 10 - 14. Let l(t) = -t**3 - 3*t**2 + 6*t + 6. What is l(j)?
-2
Let y(z) = 0 - 2*z + 0. Let n = -3 + 6. Let o be (-6)/n - (-6)/(-3). Calculate y(o).
8
Let k(r) = 3*r**3 + 6*r**2 + 2*r - 7. Let o(y) = -7*y**3 - 13*y**2 - 5*y + 16. Let d(p) = 5*k(p) + 2*o(p). Let w = -12 - -8. Determine d(w).
-3
Suppose 0 = 2*c + 3 - 9. Let y(u) = -12 + 5*u + u**2 - u**3 + c*u**2 + 8. Give y(5).
-4
Let w = -14 + 9. Let g(z) = -z**3 - 7*z**2 - 8*z - 6. Determine g(w).
-16
Let d(t) be the first derivative of t**3/3 - 3*t**2/2 + t + 7. Determine d(2).
-1
Let v = 5 - 7. Let w(n) = 10*n + 3. Let p(j) = -3*j - 1. Let x(m) = v*w(m) - 7*p(m). Calculate x(5).
6
Suppose 0 = x + 3*x + i - 3, -4*x = -2*i - 18. Suppose m - x = -m. Let a(n) = -7*n**3 - n**2 + n. What is a(m)?
-7
Let r(a) = -3*a**2 - 5*a + 1. Let o = 89 - 93. What is r(o)?
-27
Let a(n) = -n**3 + 4*n**2 - 2. Suppose 2*q - 5*q = -12. Give a(q).
-2
Let y(v) = 4*v**2 - 1. Let i(u) = u**2 - 2*u - 3. Let j be i(3). Suppose j = 3*t + 3 - 0. Calculate y(t).
3
Let o be 2 - (-1 - 0 - -5). Let i(x) = 3*x + 1. Give i(o).
-5
Suppose -2*q - 27 + 19 = 0. Let v(s) = -s - 2*s - 5 + 2*s. Determine v(q).
-1
Let p = 109 + -65. Let w be p/(-10) - 4/(-10). Let i be -2 - 0 - w/(-2). Let t(s) = -s + 5. Give t(i).
9
Let u(n) = -n**2 - 6*n - 7. Let a be -8 - (2/(-8)*-4 + -4). Give u(a).
-2
Let w be 2 + -1 - (-4 + 5). Let a(k) be the third derivative of 5/6*k**3 + w*k + k**2 - 1/60*k**5 + 0 - 5/24*k**4. What is a(-5)?
5
Let h(s) = -2*s**3 + 3*s**2 + 3*s - 6. Suppose 8 = t - 3*u, -2*u + 6 = -4*t + 28. Let r(l) = l**3 - l**2 - 2*l + 3. Let j(o) = t*r(o) + 3*h(o). Calculate j(4).
-7
Let r(b) be the third derivative of b**4/24 + b**3/6 - 2*b**2. Suppose -4 = -k + 2. Let x = k - 8. Calculate r(x).
-1
Let t = -27 + 20. Let v(i) = -2*i - 8. What is v(t)?
6
Let h(r) = -r**2 - 7*r + 5. Suppose 0 = k + 4*o + 6, -4 = -4*k + 2*o - 28. Determine h(k).
11
Suppose -3*p = -h - 0 + 1, 0 = 5*h - 5*p + 25. Let z(t) = t**3 + 8*t**2 - t - 7. What is z(h)?
1
Suppose z - 16 = -12. Let d(q) = -q**3 + 4*q**2 - 2*q + 6. Give d(z).
-2
Let o(b) = -2*b**3 - 3 - 2*b**2 + 3*b + 6 + b**3. Calculate o(-2).
-3
Let u(r) = 7*r + 1. Let v be u(-1). Let m(w) = -w - 6. Give m(v).
0
Let f(i) = i**2 - 6*i - 1. Suppose -4*t = -6*t. Suppose 3*v + 9 = t, v + 3*v + 12 = 2*o. Suppose -5*b + 5*u + 35 = 0, -4*b + 5*u + 0 + 30 = o. Determine f(b).
-6
Let a(p) = -p**2 + 8*p - 7. Let j be a(7). Suppose -24 = -4*o - 8. Let n(h) = h**2 + h - o - h**3 - 4*h**2 + 2*h**2. What is n(j)?
-4
Let d(r) = -r**2 + 3*r - 1. Let t(c) = c. Let b(v) = -d(v) + 5*t(v). Calculate b(2).
9
Let i(y) = -9*y**3 + 2*y**2 - 2*y + 1. Let x(v) = -8*v**3 + 2*v**2 - 2*v + 1. Let u(k) = -6*i(k) + 5*x(k). Let w = -145 + 146. Calculate u(w).
13
Let s be ((-2)/(-4))/(4/32). Suppose -v = -s*v + 9. Let u(c) = -2*c + 4. Determine u(v).
-2
Let w(a) be the third derivative of a**7/2520 + a**5/12 + a**4/24 - 4*a**2. Let v(t) be the second derivative of w(t). Determine v(0).
10
Let y(s) = 2 + 0*s + 6*s**2 - 2*s**2 - s - 4. What is y(2)?
12
Suppose -4*w + 2 = 10. Let q be w*2*3/6. Let p = -5 - q. Let m(g) = -2*g**2 - 4*g + 1. Calculate m(p).
-5
Let p(w) = -w**2 - w + 6. Suppose r - 3*t - 6 = 0, 3*t + 6 = -2*r + r. Suppose 0 = -r*a - 3*a. What is p(a)?
6
Let f = 7 - 27. Let m be 2/(-5) - 68/f. Let c(a) = -5 - 4*a**3 - a**2 + 2*a**3 + a**m. Determine c(0).
-5
Let q(v) = -v**2 - 6*v - 4. Let l be q(-4). Let d(t) = 6*t - 2. Determine d(l).
22
Let m(b) = -b**3 - 6*b**2 - 5*b - 3. Let i = 5 - 7. Let h(n) = 0*n + 6*n + 3 - 4*n**2 + 5*n**2. Let w be h(i). What is m(w)?
-3
Let p(t) = 3*t + 5 + 5*t**2 - 7*t**2 - 2*t**2 - t**3. Suppose 2 = x - 0. Suppose 0 = -3*k + 2*j - 6, x*k - 2 = 4*j + 2. Calculate p(k).
-7
Let u(c) = -2*c**2 - 4*c - 7. Let m(p) = p**2 + 3*p + 5. Suppose 0*i + 2*i + 3*s + 13 = 0, 2*i - 3*s = -7. Let b(f) = i*u(f) - 7*m(f). Calculate b(2).
10
Let t(r) = -r**2 - 6*r - 3. Let o be t(-4). Suppose 0 = 2*k - 3*k + 2. Let n(v) = -19 + 7*v + 4 - v**k + 8. Calculate n(o).
3
Suppose 3*b + g = 4 + 7, -2*g = -3*b + 14. Let u(q) be the second derivative of 0 - 3*q**2 + 5/6*q**3 + q - 1/12*q**4. Give u(b).
-2
Let f(n) be the third derivative of n**6/120 + n**5/60 - n**4/24 - 5*n**3/6 + 7*n**2. Calculate f(0).
-5
Let n(f) = 3*f**2 - 5*f - 5. Let l(c) = 9*c + 14 - 9*c**2 - 2*c + 4*c + 3*c. Let r(u) = -3*l(u) - 8*n(u). Let k be (-320)/(-150) + 4/(-30). Determine r(k).
6
Let f(t) = 7*t - 15. Let d(w) = 11*w - 22. Let p(o) = 5*d(o) - 8*f(o). Give p(6).
4
Let m(p) = -1 + 2 + 2 - 2 - 5*p. Suppose -2*y - 2 = -0. Determine m(y).
6
Let a(y) = y**2 - 6*y + 2. Let h(z) be the third derivative of -z**4/12 - 3*z**3/2 + 2*z**2. Let i be h(-9). Let l = i - 4. Give a(l).
-3
Let m(t) = t**2 + t - 2. Let a = 6 + -9. Calculate m(a).
4
Let q(n) = -2*n + 2*n + 6*n - n. Let o(d) = d + 5. Let t be o(-6). Determine q(t).
-5
Let a(m) = -7*m**2 + 3*m + 12. Let x(k) = -13*k**2 + 5*k + 23. Let n(u) = -11*a(u) + 6*x(u). Give n(-5).
-4
Let s(m) be the third derivative of -m**6/720 - m**5/40 + m**4/6 + 5*m**2. Let x(g) be the second derivative of s(g). Calculate x(-5).
2
Let p(v) be the third derivative of -v**5/60 - v**4/6 + v**3/3 + 12*v**2. Give p(-3).
5
Let u(z) be the first derivative of -z**2/2 + 1. What is u(3)?
-3
Let o(p) be the first derivative of -p**3/3 + p**2 - 3*p - 1. Let h(n) = n**3 + 13*n**2 - n - 11. Let a be h(-13). Determine o(a).
-3
Let r be (1/3)/((-1)/(-15)). Let c = -6 + r. Let b = c - -2. Let u(v) = 3*v**2. Determine u(b).
3
Suppose 4 + 4 = 4*j. Let k = j + 0. Let z(a) = -3*a. Let v be z(k). Let r(q) = q**2 + 6*q + 3. Calculate r(v).
3
Let h(y) = -3*y - 4. Let p = -24 - -21. Determine h(p).
5
Let v(k) = -k - 3. Let x = 12 - 13. Suppose -4 - 2 = -3*y. Let u(l) = -l - 1. Let b(w) = x*v(w) + y*u(w). Give b(3).
-2
Let k(d) = -8*d**2 + 6*d + 11. Let q(a) = -9*a**2 + 7*a + 13. Let v(b) = 7*k(b) - 6*q(b). Determine v(-2).
-9
Let a(s) = -2*s**2 + 3*s + 4. Let t = 11 - 6. Let k be (-38)/(-12) - t/30. Calculate a(k).
-5
Suppose 5 = -2*z + 13. Let w(k) be the second derivative of -k**4/12 + k**3 - k**2/2 + 3*k. Give w(z).
7
Let k(c) = -c**2 + 3*c + 0*c**3 - 2*c**2 + c**3. What is k(2)?
2
Let k = 16043/20 + -802. Let j(i) be the second derivative of k*i**5 + 1/6*i**4 + 0 + 0*i**3 - 1/2*i**2 + i. Determine j(-1).
-2
Suppose 5*k - 5 = 5. Let y(u) = -2*u**3 - 3*u**2 - 5*u + 2*u + 7*u**k. Calculate y(2).
-6
Let q(h) be the second derivative of 0 + 1/12*h**4 + 2*h + 0*h**2 - 1/3*h**3. Determine q(-2).
8
Let m be 0 - 1/((-1)/4). Let l(y) be the second derivative of -y**4/6 + 5*y**3/6 + 3*y**2/2 + 10*y. Determine l(m).
-9
Let g(s) = 16*s**2 + s. Let b(l) = -5*l**2 + 3*l - 11. Let q(j) = -11*j**2 + 7*j - 22. Let f(u) = 13*b(u) - 6*q(u). Let v be f(5). Determine g(v).
15
Suppose 1 = f - 9. Let g be 10/3*12/f. Let q(r) = -r**2 + 4*r - 6. Give q(g).
-6
Suppose 5*u = 5*n - 15, -6*u + 4*u + 24 = 4*n. Let j(t) = 5*t**2 - 2*t + 2. Give j(u).
18
Let y(z) = -1 - 5*z - z**2 + 1. Suppose -4*s + 15 + 1 = 0. Let m(w) = -w - 1. Let x be m(s). What is y(x)?
0
Let s(q) = q + 3. Let n be s(5). Let i = 4 - n. Let l(d) = d**3 + 3*d**2 - 5*d. Determine l(i).
4
Let l(r) be the first derivative of -r**4/4 - 5*r**3/3 - 2*r - 1. Calculate l(-5).
-2
Let q(b) be the third derivative of 1/60*b**5 + 0 + 1/4*b**4 - 3*b**2 + 1/3*b**3 + 0*b. De